atest common factor of 75 and o?
15
Let v(o) = 49*o + 2. Let c be v(2). Suppose -3*a - c = -4*a. Suppose -4*r + 5*k = -165, -3*k + 2 = 5. What is the greatest common factor of r and a?
20
Let x = -28 - -58. Let z(h) = -h**2 + 8*h - 2. Let d be z(6). Calculate the greatest common factor of x and d.
10
Suppose 2*b + 135 = 3*b. Calculate the greatest common divisor of b and 54.
27
Let t(o) = o**2 + 11*o. Let j be t(-6). Let k = j - -39. Calculate the greatest common factor of 72 and k.
9
Let t(d) = -d**3 - 5*d**2 + 5*d - 9. Let w be t(-9). Suppose 3*m + 18 - 192 = -x, -w = -5*m + 5*x. Calculate the highest common factor of m and 38.
19
Suppose -4*p - 3 = -15. Suppose -2*t - 2*i + 30 = -0*i, 0 = -p*t - 2*i + 45. Calculate the highest common factor of t and 1.
1
Let d be (-36510)/(-90) - 16/(-12). What is the greatest common factor of 143 and d?
11
Let l be (-197)/(-6) + (-5 - (-155)/30). Calculate the highest common divisor of l and 66.
33
Suppose -5*d + 2*y = -7, -y = -4*d + 2*d + 2. Let o = 9 - 5. Suppose -o*b = -7*b + 18. Calculate the highest common factor of b and d.
3
Suppose -4*y - 3*z = -22, -4*z + 21 = 3*y + 1. Let x be 2*(970/4 - y). Let n = -293 + x. What is the highest common divisor of 23 and n?
23
Suppose -2*r = -10*m + 5*m + 17, 3*m - 3*r = 12. Suppose 2*x = -m*x. Suppose x*k - 5*k = -400. Calculate the greatest common factor of 8 and k.
8
Let w(p) = -2*p - 4. Let v be w(-4). Suppose 0*u = 5*j - u - 10, -2*j + 26 = v*u. Calculate the highest common divisor of 3 and j.
3
Suppose 21*k + 292 = 1363. What is the greatest common factor of 68 and k?
17
Let u(f) = 12*f - 84. Let i be u(-16). Let p be (2 - (-21)/(-9))/(4/i). Calculate the highest common divisor of p and 69.
23
Let a be 12/(-96)*-8*9. What is the greatest common factor of a and 891?
9
Let j = -14 + 23. Let h(c) = -c**3 - 6*c**2 + 7*c + 9. Suppose 0 = k - 1 - 0, 5*s = -4*k - 36. Let a be h(s). Calculate the highest common divisor of j and a.
9
Let w(u) = 4*u. Let y be w(1). Suppose -33 + 5 = -y*d. Let x be (-3)/18 - (-215)/30. Calculate the highest common factor of x and d.
7
Suppose 0 = 5*c - h - 11, -6 = -2*c + 5*h - 3*h. Suppose -5*l - t = -39, 2*l + 2*t = -c*l + 36. What is the greatest common divisor of l and 7?
7
Let x = 124 - 304. Let r = 20 - x. What is the greatest common divisor of 40 and r?
40
Let i = -208 - -334. Let b be i/8 - (-5 - (-23)/4). What is the highest common factor of 120 and b?
15
Let y(i) = -4*i - 20. Suppose 0*p - 4*p = -3*a - 40, 5*p = 3*a + 41. Let t be y(a). What is the highest common factor of 28 and t?
28
Let d be (((-592)/1)/4)/1. Let s = d - -253. Calculate the highest common factor of s and 15.
15
Suppose 60*p - 35*p - 125 = 0. What is the greatest common factor of p and 255?
5
Let a = 1293 + -918. Suppose 0 = -0*k - 5*k - 4*h + 469, -4*k + a = 3*h. What is the highest common divisor of 31 and k?
31
Let n(q) = q**3 + q**2 + 15*q + 44. Let b be n(0). Calculate the highest common factor of b and 473.
11
Suppose 3*s = 9*s - 726. Let z = -114 + s. Calculate the highest common factor of 21 and z.
7
Let t = 1781 - 1223. Calculate the greatest common divisor of 18 and t.
18
Let x be (-108)/24 + (-2)/(-4). Let i be ((-41)/x)/((-7)/(-56)). What is the highest common factor of 205 and i?
41
Suppose -v = -5*l + 15, 6*v - 7*v = -5. Suppose 2 = -d + 3. What is the greatest common factor of l and d?
1
Let b = 38 + 26. Let m be (4/(-6))/((-370)/120 - -3). Calculate the greatest common factor of b and m.
8
Suppose 362*c + 728 = 366*c. Calculate the highest common divisor of 14 and c.
14
Suppose -853 - 5517 = -49*a. Calculate the highest common factor of a and 250.
10
Let d(w) = -w**2 - 14*w + 17. Let y be d(-15). Let s be (-327)/(-2) + (-3)/y. What is the highest common factor of 18 and s?
18
Suppose 3*w - 20 = -5*p, -p + 5*w + 7 = 3. Suppose p*m = 4*t - 1 + 61, 60 = 4*m + 4*t. What is the greatest common divisor of 9 and m?
3
Let p = -272 + 328. Suppose -3*h = -4*h + 86. Let j = h - p. What is the highest common factor of 45 and j?
15
Let i be 1*(-3 - (2 - -1)). Let j = 6 - i. What is the greatest common divisor of j and 6?
6
Suppose 5*l - 114 = -29. Suppose l*t - 22*t = -10. Suppose -3*u - 24 = -s, 3*u = t*s - 3*s. Calculate the greatest common divisor of s and 12.
12
Let b be -1 + (-2)/(-4) - 753/(-2). What is the highest common factor of 47 and b?
47
Let m = 2566 + -2562. Calculate the greatest common divisor of 178 and m.
2
Suppose 2*a = 3*l - 2, -2*l - 4 = 4*a - 16. Suppose -2*y - 10 = -a. Let x = 1 - y. What is the greatest common divisor of x and 15?
5
Suppose -3*l = 5*g - 4270, 32*g - 35*g + 2538 = -3*l. What is the highest common factor of 92 and g?
23
Suppose -2*l = 5*v + 74, 4*v - 4*l = 7*v + 36. Let n be 64/v + 1*44. What is the greatest common factor of n and 50?
10
Suppose 5*r + 19 = 9. Let z be -1*(r + (-3)/(-2)*-4). What is the highest common divisor of 1 and z?
1
Let v(d) = -15*d**3 + 2*d**2 + 7*d + 4. Let l be v(-1). Calculate the greatest common factor of l and 378.
14
Let o = 34 + -22. Let v be 3/1 + (3 - 2). Suppose 0 = 2*n + 5*f - 135, -v*f + 297 = 5*n - 5*f. What is the highest common factor of n and o?
12
Let z be (4 + -5)/(2/12). Let o be (-796)/z - 8/(-24). Suppose -4*t + o + 36 = 3*w, -2*w - 34 = -t. What is the greatest common factor of t and 8?
8
Let j be 2/6 + -52*69/(-36). What is the greatest common divisor of 2500 and j?
100
Let i be 5/(630/364)*9. Let k be 3/9 - 116/(-3). Calculate the greatest common factor of k and i.
13
Suppose 4*i + 4*o = -164, -2*o + 41 = i - 2*i. Let r = i - -99. Calculate the highest common divisor of 145 and r.
29
Let q(h) = -h**3 - 8*h**2 - 8*h - 24. Let l be q(-8). Calculate the highest common factor of 1080 and l.
40
Suppose 6*a = 4*a. Suppose m + 4*m - 20 = a. Suppose -m*c + s + 58 = 0, 3*s - 4*s - 13 = -c. Calculate the greatest common divisor of c and 45.
15
Suppose -3*a = 2*p + a, 3*p - 4*a = 10. Let c(n) = 7*n - 10. Let x be c(4). What is the highest common factor of p and x?
2
Let d be ((-2004)/28 + 3)/(3/(-21)). Calculate the highest common factor of d and 192.
96
Let u be 2 + -5 + (2 - -2). Let f = u + 2. Let j be (-2 + 30 - 3) + f. What is the highest common divisor of 42 and j?
14
Let l(j) = -52*j + 33. Let p be l(0). Let x = -3 - -5. Suppose 0*i = 2*i + 4*h - 38, h = x*i - 18. What is the highest common factor of p and i?
11
Let l = -32 + 16. Let r = 4 + l. Let y be 6*(-4 + (-104)/r). What is the highest common divisor of 4 and y?
4
Suppose 5*o - 3*f + 2*f - 2810 = 0, 562 = o + 5*f. Suppose 48 = 3*v - a - o, 5*v - 3*a = 1010. What is the greatest common divisor of v and 82?
41
Let v(d) = -8*d - 4. Let u be v(-6). Let w = u + 36. Suppose 0 = 2*f - 6 - 14. What is the greatest common divisor of f and w?
10
Let d be (9 - 152/16)/((-4)/96). Let z(u) = -4*u + 2 + 7*u - 3. Let w be z(3). Calculate the greatest common factor of d and w.
4
Suppose 7*h = 14*h - 112. Suppose 0 = -7*n + 2*n - 10, 4*p - 2*n = h. What is the highest common divisor of 3 and p?
3
Let a be (3 - 1) + 2 + 0. Suppose 2*j + a*s - 12 = 0, -5*j - 5*s + 25 = -0*j. Suppose -j*d + 19 = 7. Calculate the highest common divisor of 2 and d.
1
Suppose -b - 495 = -4*b. Let k be ((-12)/8)/(-1*1/116). Suppose 0 = 7*p - k - 288. What is the highest common divisor of b and p?
33
Let t be ((-90)/8 - -12) + 13/4. Calculate the highest common divisor of t and 4.
4
Let z(p) = 5*p**3 - 4*p**2 - 5*p - 2. Let j be z(4). What is the greatest common divisor of 18 and j?
18
Let f be (-15)/45 - 10/6. Let m be 41/1 + (-8)/f. What is the highest common factor of 5 and m?
5
Let m = 52 + -25. Let r(d) = -d + 27. Let s be (0/6)/((-4)/(-2)). Let f be r(s). What is the highest common divisor of m and f?
27
Suppose -393 + 120 = -7*k. Calculate the greatest common factor of k and 195.
39
Let r(d) = 4*d - 39. Let i be r(10). What is the highest common factor of i and 32?
1
Let y(c) = 2*c**2 + 8*c - 4. Let m be y(-6). Suppose -4*v + m = -92. What is the highest common factor of v and 7?
7
Suppose 0 = 8*j - 16*j + 256. Let m = 16 - 6. Let o = m + -2. What is the greatest common factor of o and j?
8
Suppose 18 = 3*m - m. Let z(i) = 30*i + 16. Let r be z(m). Calculate the highest common factor of 26 and r.
26
Let t be 1/((-21)/182*(-2)/3). Calculate the g